et u(l) = 87*l + 1903. Give u(-21).
76
Let l(d) = -56*d - 7. Determine l(2).
-119
Let q(w) = -w**2 + 61*w - 285. Give q(55).
45
Let m(a) = -a**3 + 23*a**2 + 102*a + 33. What is m(27)?
-129
Let v(x) = x**3 + 10*x**2 - 199*x - 1711. What is v(-8)?
9
Let y(n) = -5*n**3 - n**2 - 11*n - 15. Determine y(0).
-15
Let p(f) = -f**3 - 14*f**2 - 31*f + 28. Give p(-11).
6
Let t(z) = 15*z**2 + 2286*z - 8420. What is t(-156)?
4
Let s(b) = 24*b + 28. Calculate s(12).
316
Let j(m) = 1590*m + 9589. Determine j(-6).
49
Let v(f) = -3*f**2 - 788*f - 31897. What is v(-50)?
3
Let c(r) = -11*r + 230. Give c(14).
76
Let c(v) = -v**3 - 7*v**2 - 13*v - 23. What is c(-4)?
-19
Let p(i) = -352*i - 302. What is p(-2)?
402
Let b(f) = 4*f**2 - 443*f + 64. Give b(109).
-699
Let d(y) = y**3 - 5*y**2 + 3*y - 1. Determine d(11).
758
Let q(h) = 17*h**2 - 23*h + 12. What is q(-4)?
376
Let q(v) = 17*v - 121. What is q(9)?
32
Let m(c) = c**3 + 127*c**2 + 127*c + 130. Determine m(-126).
4
Let s(q) = 33*q + 722. Calculate s(-16).
194
Let p(d) = -661*d - 17183. What is p(-26)?
3
Let p(y) = 2*y**3 - 8*y**2 + 18*y - 57. Determine p(6).
195
Let l(b) = b**2 + 8*b + 25. Determine l(-10).
45
Let a(i) = 12*i**2 + 25*i - 29. Calculate a(1).
8
Let v(a) = 21*a**2 + 602*a + 1211. Determine v(-2).
91
Let i(g) = 4*g**2 + 588*g + 3546. Calculate i(-6).
162
Let j(m) = -38*m + 1280. Determine j(35).
-50
Let x(y) = -653*y + 69871. What is x(107)?
0
Let r(j) = -j**2 - 36*j + 280. Calculate r(7).
-21
Let a(t) = 29*t**2 + 411*t + 11. Give a(-14).
-59
Let j(c) = -4*c**2 + 11*c + 120. What is j(-6)?
-90
Let c(l) = -l**3 + 3*l**2 + 12*l - 97. Give c(6).
-133
Let u(o) = -o**2 - 121*o - 2259. What is u(-23)?
-5
Let m(t) = 16*t**2 + 3*t + 6. Calculate m(-3).
141
Let u(a) = -a**3 + 28*a**2 + 122*a - 6. What is u(32)?
-198
Let i(y) = -y**2 + 18*y - 1. Give i(-7).
-176
Let u(w) = -15*w + 132. Give u(22).
-198
Let h(j) = -j**2 - 104*j - 2678. What is h(-47)?
1
Let z(r) = r**3 - 8*r**2 - 23*r - 21. Give z(-3).
-51
Let a(l) = 2*l**2 - 16*l + 57. What is a(4)?
25
Let k(r) = 144*r + 453. What is k(2)?
741
Let f(h) = h**3 - 62*h**2 - 1839*h - 755. Calculate f(84).
1
Let a(v) = -v**2 - 33*v + 385. What is a(-43)?
-45
Let z(f) = 89*f + 4432. What is z(-50)?
-18
Let d(p) = p**2 + 3*p - 33. Give d(16).
271
Let n(b) = -b**3 - 81*b**2 - 585*b - 97. What is n(-73)?
-24
Let r(s) = 2*s**3 + 5*s**2 - 10*s - 1. Give r(-4).
-9
Let h(c) = -c**3 - 42*c**2 - 344*c - 63. Give h(-31).
30
Let p(u) = 114*u + 11279. Calculate p(-99).
-7
Let b(x) = 2*x**3 - 3*x**2 - 93*x + 8. Give b(9).
386
Let n(f) = 14*f**2 + 646*f + 4341. Give n(-38).
9
Let f(p) = -9*p**3 + 5*p**2 + 12*p - 13. What is f(1)?
-5
Let p(v) = -v**2 - 30*v + 31. Calculate p(-26).
135
Let u(l) = -2*l**2 + 148*l - 295. What is u(72)?
-7
Let l(p) = -p**2 - 33*p + 665. Determine l(14).
7
Let c(l) = 1918*l + 24941. Give c(-13).
7
Let u(n) = -159*n + 5560. Determine u(35).
-5
Let q(x) = 2*x**2 - 4*x + 78. What is q(0)?
78
Let o(t) = -t**3 + 54*t**2 - 139*t - 712. What is o(51)?
2
Let h(m) = -m**3 + 13*m**2 + 67*m + 4. Determine h(17).
-13
Let i(p) = -p**3 - 209*p**2 + 431*p + 1905. Calculate i(-211).
6
Let m(u) = -566*u + 139800. What is m(247)?
-2
Let a(j) = -239*j - 58. Calculate a(-3).
659
Let m(b) = 5*b**3 - 14*b**2 + 15*b + 30. Give m(2).
44
Let y(b) = 58*b + 276. Calculate y(-7).
-130
Let q(l) = 2*l**2 + 69*l + 54. What is q(-34)?
20
Let q(c) = 41*c + 1161. What is q(-25)?
136
Let i(p) = p**3 + 7*p**2 - 115*p - 5. Calculate i(-15).
-80
Let p(o) = -514*o - 3092. Give p(-6).
-8
Let v(z) = -720*z - 30951. Determine v(-43).
9
Let u(f) = 5*f - 212. Calculate u(54).
58
Let j(u) = 27*u - 36. Give j(3).
45
Let z(q) = -q**2 - 71*q + 804. Give z(-81).
-6
Let k(j) = -4*j**3 - 44*j**2 - 59*j - 646. Calculate k(-11).
3
Let o(d) = d**3 - 33*d**2 - 38*d + 225. Determine o(34).
89
Let w(t) = 79*t - 50. Calculate w(-5).
-445
Let i(l) = -l**3 + 14*l**2 + 65*l + 132. Calculate i(18).
6
Let y(g) = -g**3 - 4*g**2 - 2*g - 106. Give y(0).
-106
Let t(z) = -z**2 - 1084*z + 25425. What is t(23)?
-36
Let d(y) = 7*y + 86. What is d(-4)?
58
Let z(o) = -o**2 + 30*o - 619. Calculate z(22).
-443
Let b(v) = 3*v**3 + 44*v**2 - 16*v - 28. What is b(-15)?
-13
Let v(w) = 141*w - 290. Give v(3).
133
Let x(z) = 71*z**2 + 1267*z - 59. Calculate x(-18).
139
Let x(m) = -m**3 - 18*m**2 - 31*m - 10. Give x(-16).
-26
Let u(h) = -10*h - 515. Determine u(-40).
-115
Let v(c) = -c**2 - 129*c + 1355. What is v(10)?
-35
Let a(q) = -36*q - 1471. Determine a(-42).
41
Let v(c) = -46*c - 36. What is v(-4)?
148
Let r(w) = 2*w**3 + 2*w**2 - 30*w - 161. Calculate r(5).
-11
Let y(o) = -7*o - 8. Give y(-2).
6
Let w(l) = -145*l + 7590. Determine w(52).
50
Let v(i) = i**3 + 28*i**2 - 58*i + 81. Calculate v(-30).
21
Let w(m) = -2*m**2 - 34*m - 22. Calculate w(-14).
62
Let k(j) = 15*j - 187. Calculate k(12).
-7
Let x(w) = -w**2 - 12*w - 15. Give x(-12).
-15
Let l(j) = 46*j**2 + 3*j + 2. Give l(-1).
45
Let o(c) = -39*c - 609. What is o(-16)?
15
Let t(j) = -131*j + 933. Calculate t(7).
16
Let x(z) = -17*z + 70. What is x(-8)?
206
Let q(r) = 4*r**3 + 147*r**2 - 26*r + 420. Calculate q(-37).
13
Let j(x) = x**3 + 24*x**2 - 50*x + 42. Give j(-26).
-10
Let g(v) = -4*v**3 - 121*v**2 - 28*v + 58. What is g(-30)?
-2
Let d(l) = 60*l - 546. Calculate d(9).
-6
Let d(m) = -m**2 - 144*m + 442. Calculate d(3).
1
Let i(f) = 16*f**2 - 1859*f + 355. Calculate i(116).
7
Let l(p) = -p**3 - 21*p**2 - 81*p + 66. What is l(-7)?
-53
Let t(d) = 22*d**3 - 5*d**2 - 10*d - 6. What is t(-1)?
-23
Let x(n) = 36*n + 689. Calculate x(-18).
41
Let z(j) = -13*j**2 - 9*j - 10. What is z(0)?
-10
Let n(k) = k**2 + 15*k - 19. Give n(-23).
165
Let q(n) = -8*n**2 - 44*n + 1. What is q(-3)?
61
Let n(i) = 2*i**2 - 78*i + 667. What is n(13)?
-9
Let w(z) = 162*z + 2585. What is w(-16)?
-7
Let j(q) = 9*q**2 - 39*q - 29. Determine j(5).
1
Let j(t) = -t**2 + 25955*t - 155694. Determine j(6).
0
Let n(j) = -76*j**3 - 39*j**2 - 36*j + 2. Determine n(-1).
75
Let m(a) = -3*a**2 + 30*a + 17. Calculate m(13).
-100
Let y(l) = 8*l**2 - 78*l - 4. What is y(9)?
-58
Let y(u) = 5*u**3 + 10*u**2 - 34*u - 8. What is y(3)?
115
Let h(d) = -361*d**2 + 12635*d - 7. Calculate h(35).
-7
Let d(g) = 51*g - 91. Determine d(5).
164
Let n(g) = g**3 - 4*g**2 - 88*g - 125. Give n(12).
-29
Let w(t) = -t**3 - 27*t**2 + 8*t + 215. What is w(-27)?
-1
Let h(i) = -3*i**2 - 193*i + 973. Calculate h(-69).
7
Let z(m) = -4*m**3 + 21*m**2 + 136*m + 13. Calculate z(9).
22
Let p(v) = -v**3 - 64*v**2 - 186*v - 184. Determine p(-61).
-1
Let i(s) = 132*s + 1440. Calculate i(-11).
-12
Let n(b) = -b**3 + 17*b**2 + 91*b - 96. What is n(21)?
51
Let g(s) = s**3 + 2*s**2 - 39*s - 7. Calculate g(-4).
117
Let l(n) = -n**2 - 23*n - 80. Give l(-11).
52
Let u(a) = 2*a**2 + 38*a - 1. Determine u(-19).
-1
Let h(c) = 7*c**3 + c**2 - 24*c - 86. Calculate h(-5).
-816
Let b(m) = -m**2 + 28*m - 15. Give b(22).
117
Let p(a) = -2*a**3 - 11*a**2 - 22*a - 124. What is p(-5)?
-39
Let c(g) = -2*g**2 + 27*g - 259. What is c(11)?
-204
Let s(j) = j**3 + 94*j**2 + 182*j - 195. Determine s(-92).
-11
Let x(r) = 206*r + 775. What is x(-4)?
-49
Let d(z) = -z**3 - z**2 + 288*z. Determine d(0).
0
Let r(u) = -25*u + 607. Determine r(26).
-43
Let r(j) = j**3 - 4*j**2 - 25*j + 86. Calculate r(6).
8
Let j(a) = -a**3 + 10*a**2 + 7*a - 25. Determine j(11).
-69
Let d(g) = -2693*g + 10779. What is d(4)?
7
Let f(h) = 3*h**2 - 234*h + 247. Give f(77).
16
Let d(r) = 4572*r + 173747. What is d(-38)?
11
Let s(x) = -x**2 - 133*x + 1314. Give s(-142).
36
Let u(b) = 537*b + 4310. Give u(-8).
14
Let s(y) = 71*y**2 - 2132*y + 80. Determine s(30).
20
Let f(c) = c**2 - 10*c + 57. Calculate f(0).
57
Let s(t) = -102*t - 1993. Give s(-20).
47
Let k(u) = -4*u**2 - 175*u + 408. Calculate k(-46).
-6
Let p(f) = -808*f + 17734. Give p(22).
-42
Let a(x) = -x**3 - 21*x**2 - 115*x - 772. Determine a(-17).
27
Let w(f) = -2*f**2 - 27*f + 29. Determine w(-15).
-16
Let y(w) = -w**3 - 22*w**2 + 38*w + 156. Give y(-24).
396
Let u(r) = 67*r**2 - 405*r + 5. What is u(6)?
-13
Let f(i) = -14*i**2 + 5. What is f(4)?
-219
Let n(p) = 1939*p - 48488. What is n(25)?
-13
Let w(z) = -5*z**3 + z**2 + 68*z - 277. What is w(4)?
-309
Let s(v) = -v**2 + 32*v + 1410. What is s(-25)?
-15
Let b(d) = 61*d**2 + 9*d -